 factor of 379591 and 9853.
167
Calculate the greatest common factor of 766955 and 69615.
595
What is the highest common divisor of 23690104 and 228910?
4162
What is the highest common divisor of 93 and 684639960?
93
Calculate the greatest common factor of 2018890198 and 26.
26
Calculate the greatest common factor of 291134 and 9959.
23
What is the greatest common factor of 1398 and 10674?
6
What is the greatest common divisor of 503230 and 11570?
130
Calculate the highest common divisor of 39674394 and 3686.
38
Calculate the greatest common divisor of 33420 and 327.
3
Calculate the highest common factor of 1569723 and 16017.
57
Calculate the greatest common divisor of 639226185 and 39.
39
Calculate the highest common factor of 89672 and 3586.
22
What is the highest common factor of 17138 and 27965872?
418
Calculate the highest common divisor of 27574128 and 11718.
1674
Calculate the greatest common divisor of 544 and 25161632.
544
What is the greatest common divisor of 2118044 and 319?
29
Calculate the greatest common factor of 1056 and 19086936.
264
What is the greatest common divisor of 3330 and 82176?
6
What is the highest common divisor of 5132 and 74860484?
5132
What is the highest common divisor of 110890515 and 6?
3
Calculate the greatest common divisor of 972 and 3231036.
108
What is the greatest common divisor of 298797323 and 2343?
781
Calculate the greatest common divisor of 35 and 10660762.
7
Calculate the highest common factor of 1135048 and 7632.
424
What is the greatest common factor of 92 and 135262?
2
What is the highest common factor of 757 and 160996489?
757
Calculate the greatest common factor of 65351 and 268411.
143
What is the greatest common divisor of 1021084 and 72?
4
Calculate the highest common factor of 275 and 27375535.
55
What is the highest common divisor of 10059485 and 20?
5
Calculate the highest common divisor of 79002 and 106275246.
8778
Calculate the greatest common divisor of 13689 and 17005707.
81
What is the highest common factor of 1044 and 24902793?
261
Calculate the greatest common divisor of 12 and 1653506916.
12
Calculate the greatest common factor of 13020 and 5170242.
1302
Calculate the greatest common divisor of 189 and 150748605.
63
Calculate the greatest common factor of 562617 and 913.
11
Calculate the highest common factor of 157 and 281200659.
157
Calculate the highest common factor of 136 and 4117145.
17
Calculate the highest common divisor of 18492810 and 576730.
7490
Calculate the greatest common divisor of 355 and 293372.
71
Calculate the highest common divisor of 2415299 and 2432.
19
What is the greatest common factor of 2266525 and 2575?
25
What is the greatest common divisor of 83 and 434027833?
83
Calculate the highest common divisor of 273 and 258609.
39
Calculate the greatest common factor of 765960 and 15197.
13
Calculate the greatest common divisor of 6499780 and 1870.
170
Calculate the highest common divisor of 703872 and 246609.
423
Calculate the greatest common factor of 173171 and 27575.
1103
What is the highest common factor of 510562 and 58642?
538
Calculate the highest common divisor of 1197 and 67500559.
133
Calculate the greatest common factor of 4782075 and 45.
15
What is the highest common factor of 1547 and 3958059?
119
What is the highest common factor of 23250550 and 20?
10
Calculate the highest common factor of 9109462 and 492.
82
Calculate the greatest common divisor of 630 and 226890.
90
What is the highest common factor of 12404 and 4927664?
28
Calculate the highest common factor of 92749375 and 100.
25
What is the greatest common divisor of 34 and 163676187?
17
What is the highest common factor of 3761261 and 77?
7
What is the highest common divisor of 752 and 75967228?
188
Calculate the greatest common factor of 1757 and 98152295.
251
What is the greatest common divisor of 20536 and 161872?
1208
What is the greatest common divisor of 3230 and 1903382?
38
Calculate the greatest common divisor of 1296 and 37862235.
81
What is the highest common divisor of 225730 and 3610?
10
Calculate the highest common divisor of 6120 and 526728.
408
What is the highest common divisor of 12844 and 1317004?
988
Calculate the highest common divisor of 59225 and 9200.
575
What is the highest common factor of 2450 and 13384825?
25
What is the highest common factor of 4925810 and 4625?
185
What is the highest common divisor of 2135 and 41757550?
305
What is the greatest common divisor of 18558 and 205169?
1031
Calculate the highest common factor of 7227 and 20799.
9
What is the highest common factor of 266 and 5296193?
133
Calculate the highest common divisor of 5 and 180522985.
5
What is the highest common factor of 13065 and 8201805?
1005
Calculate the highest common divisor of 26108 and 3966276.
428
What is the highest common factor of 1380 and 2023471?
23
Calculate the greatest common factor of 11064 and 19356.
12
Calculate the highest common divisor of 8105300 and 112.
28
What is the greatest common factor of 93 and 14686033?
31
What is the greatest common divisor of 714 and 43686?
6
What is the greatest common divisor of 58 and 212238559?
29
What is the greatest common divisor of 4271 and 5903?
1
Calculate the highest common factor of 1644 and 700320.
12
Calculate the highest common divisor of 18 and 115286208.
6
Calculate the greatest common factor of 630183 and 3792.
237
What is the greatest common divisor of 49 and 298580597?
7
Calculate the highest common divisor of 4 and 37816096.
4
Calculate the highest common factor of 3356461 and 309.
103
What is the highest common factor of 64024 and 76903?
53
What is the highest common divisor of 1370012 and 5537?
791
What is the greatest common divisor of 1487367 and 144?
9
Calculate the highest common factor of 1428966 and 14.
14
What is the greatest common factor of 278732 and 1832?
4
Calculate the highest common divisor of 4420399 and 2539.
2539
What is the highest common divisor of 505335 and 232397?
571
What is the greatest common divisor of 774935 and 5635?
245
Calculate the greatest common factor of 1766247 and 6127.
557
Calculate the greatest common factor of 1075 and 234339680.
215
What is the greatest common factor of 28469760 and 1760?
1760
Calculate the greatest common factor of 157 and 4322053.
157
What is the greatest common divisor of 25248 and 1576416?
96
Calculate the highest common divisor of 90614844 and 36.
36
What is the greatest common factor of 244 and 559187?
61
Calculate the greatest common divisor of 30589322 and 2.
2
What is the greatest common divisor of 2799 and 26729517?
933
What is the highest common factor of 53839045 and 403?
13
What is the greatest common divisor of 922183 and 1832?
229
What is the highest common divisor of 3003550 and 1663700?
6350
What is the greatest common factor of 200021228 and 6292?
484
Calculate the highest common factor of 81449 and 8034583.
1031
What is the highest common divisor of 6712 and 258316?
4
Calculate the greatest common divisor of 295 and 891372.
59
Calculate the greatest common factor of 3933 and 412854876.
3933
Calculate the greatest common factor of 288 and 32312784.
48
What is the highest common divisor of 207464 and 1112?
8
What is the greatest common divisor of 489942 and 57276?
774
Calculate the highest common divisor of 112 and 404412680.
56
Calculate the highest common divisor of 25882 and 1487037369.
12941
Calculate the greatest common divisor of 1280 and 9433720.
40
What is the greatest common factor of 892473 and 198501?
1563
Calculate the highest common divisor of 69715389 and 57.
57
What is the highest common divisor of 746202618 and 567?
567
Calculate the highest common factor of 26507 and 14846.
13
What is the greatest common factor of 9544457 and 117?
13
Calculate the highest common divisor of 23400 and 151067475.
2925
What is the highest common divisor of 42 and 111493158?
42
What is the highest common divisor of 743 and 786388228?
743
Calculate the highest common factor of 4373091632 and 10192.
10192
Calculate the greatest common divisor of 18 and 158413086.
18
What is the greatest common factor of 1187961 and 91676?
43
Calculate the greatest common factor of 36892383 and 706.
353
Calculate the greatest common factor of 35432 and 60873.
